digit of 709422377?
9
What is the ten thousands digit of 160781280?
8
What is the ten millions digit of 139910725?
3
What is the ten millions digit of 46916825?
4
What is the units digit of 46852785?
5
What is the hundreds digit of 69680380?
3
What is the tens digit of 138268572?
7
What is the millions digit of 4596553802?
6
What is the hundred thousands digit of 154058137?
0
What is the thousands digit of 32715445?
5
What is the hundred thousands digit of 1636018478?
0
What is the hundreds digit of 2617341675?
6
What is the ten thousands digit of 110420284?
2
What is the hundred thousands digit of 31611694?
6
What is the units digit of 1883259078?
8
What is the ten millions digit of 23610535?
2
What is the ten thousands digit of 57860313?
6
What is the units digit of 749124795?
5
What is the units digit of 2042217234?
4
What is the tens digit of 2241790007?
0
What is the thousands digit of 5756323?
6
What is the tens digit of 113330167?
6
What is the hundred thousands digit of 99166195?
1
What is the hundred thousands digit of 278937222?
9
What is the hundred thousands digit of 875543295?
5
What is the tens digit of 3625938435?
3
What is the hundreds digit of 276026638?
6
What is the hundred millions digit of 231121830?
2
What is the units digit of 5977583808?
8
What is the hundreds digit of 130695338?
3
What is the ten millions digit of 67366059?
6
What is the tens digit of 20915649?
4
What is the units digit of 894989624?
4
What is the tens digit of 26853449?
4
What is the hundreds digit of 22306637?
6
What is the hundred millions digit of 2692453739?
6
What is the ten millions digit of 2639732223?
3
What is the hundred millions digit of 202237383?
2
What is the thousands digit of 60839771?
9
What is the hundred thousands digit of 12870452?
8
What is the hundred millions digit of 182844498?
1
What is the hundred thousands digit of 24973812?
9
What is the billions digit of 3818401943?
3
What is the tens digit of 463046574?
7
What is the units digit of 2051278722?
2
What is the millions digit of 2345582543?
5
What is the hundred thousands digit of 345872721?
8
What is the millions digit of 2810901?
2
What is the units digit of 168443369?
9
What is the tens digit of 277901695?
9
What is the tens digit of 216715577?
7
What is the hundred millions digit of 372702948?
3
What is the thousands digit of 90267373?
7
What is the units digit of 24804648?
8
What is the thousands digit of 711464012?
4
What is the hundreds digit of 92931070?
0
What is the hundreds digit of 120533394?
3
What is the tens digit of 879305037?
3
What is the ten millions digit of 76111861?
7
What is the hundred thousands digit of 36052168?
0
What is the units digit of 3513159736?
6
What is the thousands digit of 3075826502?
6
What is the ten millions digit of 1205093933?
0
What is the ten thousands digit of 4994758272?
5
What is the ten thousands digit of 167212?
6
What is the hundreds digit of 459590262?
2
What is the units digit of 25109573?
3
What is the tens digit of 26290491?
9
What is the hundred thousands digit of 2965051895?
0
What is the hundred millions digit of 322333860?
3
What is the hundred thousands digit of 352435743?
4
What is the hundred millions digit of 5112629474?
1
What is the hundred millions digit of 665503277?
6
What is the thousands digit of 149371982?
1
What is the thousands digit of 1326074561?
4
What is the hundreds digit of 2150238240?
2
What is the thousands digit of 21155362?
5
What is the thousands digit of 3509597971?
7
What is the hundred millions digit of 947728230?
9
What is the hundred thousands digit of 1433074555?
0
What is the units digit of 14936504?
4
What is the units digit of 4646126?
6
What is the hundred millions digit of 540568060?
5
What is the ten thousands digit of 917924540?
2
What is the hundreds digit of 116556750?
7
What is the ten millions digit of 105188503?
0
What is the millions digit of 66841399?
6
What is the millions digit of 575706945?
5
What is the hundreds digit of 1242111367?
3
What is the units digit of 115645809?
9
What is the units digit of 3991963932?
2
What is the hundred millions digit of 2608327684?
6
What is the hundred thousands digit of 4287368473?
3
What is the billions digit of 5084194119?
5
What is the units digit of 11926496?
6
What is the billions digit of 1666786798?
1
What is the millions digit of 430361383?
0
What is the ten thousands digit of 227757766?
5
What is the ten millions digit of 1912085168?
1
What is the ten thousands digit of 5843707938?
0
What is the hundred thousands digit of 5177883741?
8
What is the ten millions digit of 67528986?
6
What is the hundred thousands digit of 12112441?
1
What is the millions digit of 8747972?
8
What is the units digit of 1577305529?
9
What is the hundred millions digit of 105851860?
1
What is the tens digit of 1981404466?
6
What is the hundred thousands digit of 153756890?
7
What is the hundred thousands digit of 166761675?
7
What is the hundreds digit of 1533423678?
6
What is the units digit of 535922959?
9
What is the ten thousands digit of 800562698?
6
What is the hundred millions digit of 157152311?
1
What is the ten millions digit of 31000664?
3
What is the units digit of 75854264?
4
What is the hundred thousands digit of 101288824?
2
What is the tens digit of 1676012215?
1
What is the ten thousands digit of 7133438?
3
What is the ten thousands digit of 13235563?
3
What is the tens digit of 702984481?
8
What is the millions digit of 905384417?
5
What is the units digit of 136491006?
6
What is the units digit of 458488797?
7
What is the millions digit of 315380645?
5
What is the units digit of 443873004?
4
What is the millions digit of 119761843?
9
What is the millions digit of 501836554?
1
What is the ten thousands digit of 166340265?
4
What is the units digit of 119688667?
7
What is the units digit of 37922880?
0
What is the hundred millions digit of 137328657?
1
What is the hundred millions digit of 212435348?
2
What is the hundred thousands digit of 614618736?
6
What is the ten thousands digit of 456222896?
2
What is the units digit of 62557296?
6
What is the billions digit of 1177482277?
1
What is the units digit of 1652966298?
8
What is the ten millions digit of 504900372?
0
What is the ten thousands digit of 262198441?
9
What is the units digit of 5630249?
9
What is the thousands digit of 222328081?
8
What is the ten thousands digit of 182995722?
9
What is the millions digit of 560448573?
0
What is the hundred thousands digit of 5198913014?
9
What is the units digit of 261975480?
0
What is the hundred thousands digit of 83227888?
2
What is the thousands digit of 55964085?
4
What is the units digit of 32414449?
9
What is the units digit of 154697520?
0
What is the ten millions digit of 438528396?
3
What is the hundred millions digit of 471102690?
4
What is the hundred millions digit of 1420480849?
4
What is the millions digit of 86040674?
6
What is the tens digit of 31647239?
3
What is the hundreds digit of 245981844?
8
What is the ten thousands digit of 701435431?
3
What is the hundred thousands digit of 3498576228?
5
What is the ten thousands digit of 396508995?
0
What is the ten millions digit of 508295434?
0
What is the thousands digit of 1073015030?
5
What is the ten millions digit of 575979247?
7
What is the thousands digit of 307440844?
0
What is the thousands digit of 4417186508?
6
What is the tens digit of 235844367?
6
What is the thousands digit of 27302102?
2
What is the hundred millions digit of 752424515?
7
What is the ten thousands digit of 8669017?
6
What is the hundred millions digit of 120396003?
1
What is the ten thousands digit of 34976349?
7
What is the hundred thousands digit of 867836421?
8
What is the millions digit of 1528702503?
8
What is the ten millions digit of 2566255772?
6
What is the millions digit of 1284525579?
4
What is the ten thousands digit of 470160545?
6
What is the tens digit of 27813304?
0
What is the hundred thousands digit of 1012190140?
1
What is the ten thousands digit of 149028552?
2
What is the tens digit of 42580546?
4
What is the millions digit of 191959747?
1
What is the ten thousands digit of 137038084?
3
What is the hundred thousands digit of 192076557?
0
What is the millions digit of 